t common divisor of 221780 and 2860.
260
Calculate the highest common factor of 92 and 37421.
23
What is the highest common factor of 125 and 34?
1
Calculate the greatest common factor of 713 and 15065.
23
What is the highest common divisor of 285 and 576745?
95
Calculate the greatest common factor of 63891 and 9.
9
Calculate the highest common factor of 34272 and 119.
119
What is the highest common divisor of 35815 and 161785?
1235
Calculate the highest common divisor of 2025 and 13689.
81
What is the greatest common factor of 624 and 68666?
26
What is the highest common divisor of 48243 and 143?
13
What is the highest common divisor of 93 and 348?
3
Calculate the greatest common divisor of 28842 and 57.
57
What is the highest common divisor of 264 and 720?
24
Calculate the greatest common divisor of 513426 and 6.
6
Calculate the highest common factor of 2277 and 303991.
23
What is the highest common divisor of 375 and 225?
75
Calculate the greatest common divisor of 2581 and 3973.
29
What is the greatest common factor of 712 and 117928?
8
Calculate the highest common factor of 4386 and 6.
6
What is the highest common divisor of 252 and 1262709?
63
What is the highest common divisor of 13664 and 42?
14
Calculate the highest common factor of 92224 and 22.
22
What is the greatest common factor of 531034 and 84?
14
Calculate the greatest common divisor of 7832 and 410201.
979
Calculate the highest common divisor of 2025 and 243.
81
What is the greatest common factor of 9906 and 5772?
78
Calculate the greatest common factor of 18968 and 680.
8
What is the highest common factor of 6 and 123594?
6
What is the greatest common divisor of 67325 and 50?
25
What is the greatest common factor of 2583 and 206271?
369
What is the greatest common divisor of 47710 and 208?
26
What is the greatest common divisor of 59708 and 4807?
253
What is the greatest common divisor of 140 and 203924?
28
What is the greatest common divisor of 83486 and 38?
38
What is the highest common divisor of 300 and 73070?
10
Calculate the highest common divisor of 888 and 842934.
222
Calculate the highest common divisor of 540 and 26680.
20
What is the greatest common divisor of 13015 and 2033?
19
Calculate the greatest common divisor of 8961 and 64581.
309
Calculate the highest common divisor of 589 and 627.
19
What is the highest common divisor of 19 and 32053?
19
Calculate the highest common factor of 4752 and 189552.
528
What is the highest common divisor of 243 and 38043?
27
Calculate the highest common factor of 33 and 599973.
33
What is the highest common divisor of 399 and 5250?
21
What is the greatest common divisor of 546357 and 14?
7
Calculate the highest common divisor of 246 and 804.
6
Calculate the highest common divisor of 12 and 1162212.
12
Calculate the greatest common divisor of 455 and 3855.
5
Calculate the greatest common factor of 15847 and 2691.
299
What is the greatest common factor of 2461 and 856?
107
What is the greatest common divisor of 2460 and 122460?
60
What is the highest common divisor of 22768 and 28?
4
What is the greatest common divisor of 58576 and 7504?
112
Calculate the greatest common factor of 5257 and 168.
7
Calculate the highest common factor of 21250 and 174590.
170
Calculate the highest common factor of 62085 and 39.
3
Calculate the greatest common factor of 3501 and 117.
9
Calculate the highest common factor of 360 and 37836.
36
What is the greatest common divisor of 32354 and 14?
14
What is the greatest common divisor of 464 and 618512?
464
What is the greatest common factor of 927 and 681654?
309
What is the highest common factor of 36698 and 1888?
118
Calculate the highest common divisor of 64757 and 231.
77
Calculate the highest common divisor of 317231 and 29.
29
What is the highest common factor of 278628 and 117180?
2604
What is the greatest common factor of 3237 and 19968?
39
Calculate the greatest common factor of 2233 and 1936.
11
Calculate the highest common divisor of 1360964 and 1.
1
Calculate the highest common factor of 360536 and 612.
68
What is the highest common divisor of 114 and 3174?
6
Calculate the greatest common divisor of 221 and 221.
221
What is the greatest common divisor of 25670 and 255?
85
What is the highest common divisor of 587 and 1109?
1
Calculate the highest common divisor of 246503 and 53.
53
Calculate the greatest common factor of 81 and 2404242.
81
Calculate the greatest common divisor of 1120217 and 7.
7
What is the highest common divisor of 1323 and 16954?
49
What is the greatest common divisor of 26936 and 468?
52
Calculate the greatest common factor of 2147 and 34.
1
What is the highest common factor of 29035 and 20?
5
What is the highest common divisor of 465 and 442410?
15
What is the highest common divisor of 3632834 and 241?
241
Calculate the greatest common divisor of 39 and 401877.
3
Calculate the greatest common divisor of 34 and 434214.
34
Calculate the greatest common factor of 1971 and 19345.
73
What is the highest common divisor of 916795 and 110?
55
What is the greatest common divisor of 20 and 5819420?
20
What is the greatest common factor of 177 and 1085187?
177
Calculate the greatest common divisor of 12 and 20072604.
12
What is the highest common factor of 11 and 43197?
11
What is the highest common divisor of 1080 and 2370?
30
Calculate the highest common divisor of 213 and 288331.
71
Calculate the greatest common factor of 161084 and 1540.
308
Calculate the highest common factor of 3523 and 2014343.
271
What is the greatest common factor of 49191 and 798?
57
Calculate the greatest common divisor of 86864 and 4392.
488
What is the greatest common divisor of 14272 and 464?
16
What is the greatest common factor of 535 and 9260850?
535
Calculate the highest common factor of 21056 and 84.
28
Calculate the highest common divisor of 619504 and 403.
31
What is the highest common factor of 9589 and 7136?
223
Calculate the highest common factor of 176 and 261624.
88
Calculate the highest common factor of 195324 and 86546.
794
What is the highest common divisor of 94178 and 868?
434
What is the greatest common factor of 131094 and 288?
18
Calculate the highest common factor of 20729 and 3211.
19
What is the greatest common factor of 8802 and 189?
27
Calculate the greatest common factor of 832 and 286832.
208
Calculate the greatest common divisor of 118 and 64.
2
What is the greatest common factor of 2673 and 486?
243
Calculate the greatest common divisor of 3375 and 14125.
125
What is the greatest common factor of 3075583 and 1127?
1127
Calculate the greatest common factor of 3 and 183726.
3
Calculate the highest common factor of 32929 and 247.
13
What is the highest common factor of 1210 and 105?
5
Calculate the highest common factor of 293706 and 5328.
666
Calculate the greatest common factor of 83085 and 16235.
955
What is the highest common divisor of 27654 and 1386?
66
What is the highest common divisor of 186942 and 294?
42
Calculate the highest common factor of 545 and 2507.
109
Calculate the highest common factor of 976 and 1090802.
122
Calculate the greatest common factor of 4 and 644.
4
Calculate the highest common factor of 7862 and 4.
2
Calculate the greatest common divisor of 744 and 108912.
24
Calculate the greatest common factor of 222014 and 26.
26
What is the highest common factor of 380 and 2283040?
380
What is the highest common divisor of 170 and 7720?
10
Calculate the greatest common factor of 943 and 7093.
41
Calculate the highest common divisor of 156 and 2624349.
39
Calculate the highest common divisor of 2016 and 5048736.
672
Calculate the greatest common factor of 80446 and 4526.
146
What is the greatest common divisor of 2464 and 25025?
77
Calculate the highest common factor of 62585 and 455.
5
What is the highest common factor of 1613938 and 122?
122
Calculate the greatest common divisor of 4615 and 284.
71
Calculate the highest common factor of 1082 and 572.
2
Calculate the greatest common factor of 550040 and 40.
40
What is the greatest common factor of 502 and 7285777?
251
Calculate the highest common factor of 8126 and 442.
34
What is the highest common divisor of 12733 and 6313?
107
What is the highest common factor of 4734 and 4471?
263
Calculate the